the remainder when 694 is divided by 113?
16
Calculate the remainder when 1351 is divided by 11.
9
What is the remainder when 416 is divided by 143?
130
Calculate the remainder when 244 is divided by 62.
58
Calculate the remainder when 3840 is divided by 71.
6
Calculate the remainder when 272 is divided by 25.
22
What is the remainder when 259 is divided by 80?
19
Calculate the remainder when 144 is divided by 5.
4
What is the remainder when 5958 is divided by 5?
3
What is the remainder when 21 is divided by 13?
8
What is the remainder when 116 is divided by 45?
26
Calculate the remainder when 604 is divided by 16.
12
What is the remainder when 430 is divided by 174?
82
What is the remainder when 1733 is divided by 79?
74
Calculate the remainder when 84 is divided by 69.
15
What is the remainder when 10764 is divided by 97?
94
Calculate the remainder when 435 is divided by 71.
9
Calculate the remainder when 1561 is divided by 519.
4
What is the remainder when 1460 is divided by 207?
11
What is the remainder when 48 is divided by 12?
0
What is the remainder when 178 is divided by 64?
50
Calculate the remainder when 1044 is divided by 517.
10
What is the remainder when 16052 is divided by 24?
20
Calculate the remainder when 191 is divided by 36.
11
Calculate the remainder when 429 is divided by 8.
5
What is the remainder when 58828 is divided by 89?
88
Calculate the remainder when 495 is divided by 25.
20
Calculate the remainder when 267 is divided by 4.
3
What is the remainder when 1169 is divided by 45?
44
What is the remainder when 920 is divided by 213?
68
What is the remainder when 74 is divided by 28?
18
What is the remainder when 37 is divided by 8?
5
Calculate the remainder when 7949 is divided by 142.
139
What is the remainder when 107 is divided by 94?
13
What is the remainder when 76 is divided by 7?
6
Calculate the remainder when 1801 is divided by 86.
81
What is the remainder when 312 is divided by 45?
42
Calculate the remainder when 174 is divided by 22.
20
What is the remainder when 503 is divided by 6?
5
What is the remainder when 292 is divided by 98?
96
Calculate the remainder when 311 is divided by 78.
77
What is the remainder when 984 is divided by 347?
290
Calculate the remainder when 249 is divided by 5.
4
Calculate the remainder when 23 is divided by 6.
5
Calculate the remainder when 1651 is divided by 14.
13
Calculate the remainder when 22441 is divided by 62.
59
What is the remainder when 705 is divided by 337?
31
What is the remainder when 845 is divided by 170?
165
What is the remainder when 1687 is divided by 59?
35
Calculate the remainder when 312 is divided by 57.
27
Calculate the remainder when 7312 is divided by 106.
104
Calculate the remainder when 194 is divided by 14.
12
Calculate the remainder when 147 is divided by 15.
12
What is the remainder when 314 is divided by 70?
34
Calculate the remainder when 190 is divided by 16.
14
Calculate the remainder when 11829 is divided by 35.
34
What is the remainder when 319 is divided by 23?
20
Calculate the remainder when 236 is divided by 207.
29
Calculate the remainder when 907 is divided by 101.
99
What is the remainder when 3887 is divided by 3881?
6
Calculate the remainder when 1133 is divided by 538.
57
What is the remainder when 49 is divided by 17?
15
Calculate the remainder when 160 is divided by 54.
52
Calculate the remainder when 134 is divided by 28.
22
What is the remainder when 1857 is divided by 59?
28
Calculate the remainder when 802 is divided by 107.
53
What is the remainder when 359 is divided by 72?
71
What is the remainder when 198 is divided by 59?
21
Calculate the remainder when 3638 is divided by 280.
278
Calculate the remainder when 4985 is divided by 172.
169
What is the remainder when 64143 is divided by 38?
37
Calculate the remainder when 231 is divided by 60.
51
Calculate the remainder when 917 is divided by 197.
129
Calculate the remainder when 1447 is divided by 408.
223
Calculate the remainder when 7820 is divided by 99.
98
Calculate the remainder when 145 is divided by 27.
10
Calculate the remainder when 6499 is divided by 2166.
1
Calculate the remainder when 317 is divided by 65.
57
Calculate the remainder when 206 is divided by 20.
6
Calculate the remainder when 2880 is divided by 93.
90
Calculate the remainder when 8731 is divided by 16.
11
What is the remainder when 368 is divided by 75?
68
Calculate the remainder when 139 is divided by 126.
13
What is the remainder when 1233 is divided by 65?
63
What is the remainder when 1038 is divided by 57?
12
Calculate the remainder when 436 is divided by 21.
16
Calculate the remainder when 96 is divided by 13.
5
What is the remainder when 194 is divided by 28?
26
Calculate the remainder when 153 is divided by 79.
74
What is the remainder when 29 is divided by 14?
1
Calculate the remainder when 268 is divided by 64.
12
What is the remainder when 52 is divided by 49?
3
What is the remainder when 609 is divided by 4?
1
Calculate the remainder when 141 is divided by 54.
33
What is the remainder when 100 is divided by 35?
30
Calculate the remainder when 167 is divided by 34.
31
What is the remainder when 220 is divided by 77?
66
Calculate the remainder when 514 is divided by 122.
26
Calculate the remainder when 192 is divided by 91.
10
Calculate the remainder when 1337 is divided by 282.
209
Calculate the remainder when 224 is divided by 58.
50
Calculate the remainder when 2375 is divided by 66.
65
Calculate the remainder when 3834 is divided by 19.
15
Calculate the remainder when 1250 is divided by 111.
29
What is the remainder when 530 is divided by 28?
26
Calculate the remainder when 167 is divided by 53.
8
What is the remainder when 14208 is divided by 203?
201
Calculate the remainder when 235 is divided by 60.
55
What is the remainder when 233 is divided by 17?
12
Calculate the remainder when 10462 is divided by 299.
296
Calculate the remainder when 165 is divided by 6.
3
Calculate the remainder when 632 is divided by 302.
28
What is the remainder when 513 is divided by 138?
99
Calculate the remainder when 599 is divided by 186.
41
What is the remainder when 129 is divided by 123?
6
Calculate the remainder when 495 is divided by 129.
108
What is the remainder when 228 is divided by 51?
24
What is the remainder when 1144 is divided by 65?
39
What is the remainder when 348 is divided by 187?
161
Calculate the remainder when 40 is divided by 29.
11
Calculate the remainder when 5784 is divided by 11.
9
What is the remainder when 86 is divided by 59?
27
What is the remainder when 63 is divided by 7?
0
Calculate the remainder when 1368 is divided by 169.
16
Calculate the remainder when 42 is divided by 35.
7
What is the remainder when 2676 is divided by 38?
16
Calculate the remainder when 268 is divided by 33.
4
What is the remainder when 1590 is divided by 37?
36
Calculate the remainder when 120 is divided by 3.
0
Calculate the remainder when 734 is divided by 46.
44
Calculate the remainder when 55 is divided by 29.
26
Calculate the remainder when 150 is divided by 83.
67
What is the remainder when 82 is divided by 18?
10
Calculate the remainder when 28 is divided by 14.
0
What is the remainder when 480 is divided by 5?
0
What is the remainder when 145 is divided by 29?
0
What is the remainder when 1944 is divided by 178?
164
What is the remainder when 2884 is divided by 41?
14
What is the remainder when 1163 is divided by 386?
5
What is the remainder when 91 is divided by 18?
1
Calculate the remainder when 52 is divided by 34.
18
What is the remainder when 384 is divided by 63?
6
Calculate the remainder when 143 is divided by 109.
34
Calculate the remainder when 3861 is divided by 45.
36
Calculate the remainder when 301 is divided by 16.
13
What is the remainder when 61 is divided by 4?
1
Calculate the remainder when 647 is divided by 12.
11
Calculate the remainder when 30 is divided by 8.
6
Calculate the remainder when 8317 is divided by 59.
57
Calculate the remainder when 40272 is divided by 13.
11
What is the remainder when 4089 is divided by 89?
84
Calculate the remainder when 123 is divided by 14.
11
Calculate the remainder when 228 is divided by 15.
3
Calculate the remainder when 558 is 